ctors of p.
3
Let l = 89 - 56. Let u = -19 + l. Suppose -2*f = -u - 14. What are the prime factors of f?
2, 7
Let c = 8 + -4. Suppose -3*z = 3*i - 21, z = i + 1 - c. Suppose -25 = -2*o - x, 0*o + i*o - 59 = x. What are the prime factors of o?
2, 3
Let n = 1 + -1. Suppose -4*v - v - 3*x - 27 = 0, n = 3*x - 3. Let o = v + 12. List the prime factors of o.
2, 3
Suppose 5*c + 10*p = 5*p + 1250, -2*c + 506 = -p. What are the prime factors of c?
2, 3, 7
Let v(i) = -i**3 - 4*i**2 - 6*i - 3. Let k be v(-4). Let f = 40 - k. List the prime factors of f.
19
Let n(o) = -o**3 - 2*o**2 + 3*o + 3. Let a be n(-3). Suppose -6*c + 111 = a*p - c, -9 = -3*c. Let l = -20 + p. What are the prime factors of l?
2, 3
Let w(u) = 1 - 3*u - 6 + 3. Let d be w(-3). Suppose -d = -4*i + c, 3*i - 8*c + 3*c = 1. List the prime factors of i.
2
Let d = -2 - -32. What are the prime factors of d?
2, 3, 5
Let t = -1 + 1. Let h(c) be the second derivative of -c**5/20 - c**4/12 + c**3/6 + 3*c**2/2 - 6*c. What are the prime factors of h(t)?
3
Suppose 2*u + 2*b - 276 = 6*b, 4*u - 540 = -4*b. List the prime factors of u.
2, 17
Let h(t) = 6*t**2 - 3*t + 1. Let a be h(3). Suppose -5*x + a = 11. What are the prime factors of x?
7
What are the prime factors of 22 - 5 - 2/(6/(-9))?
2, 5
Let u be (0 - 1) + (-46)/(-2). List the prime factors of (-5)/(-15) - u/(-6).
2
Let f = -5 + 0. Suppose 0 = -4*w - 6 - 22. What are the prime factors of (0 - -5)*(f - w)?
2, 5
Let l be 720/50*(9 - -1). Suppose 10*p - 14*p + l = 0. What are the prime factors of p?
2, 3
Suppose -3*f - 5*u = -0*u + 600, 5*u = -f - 210. What are the prime factors of f/(-21) - 2/7?
3
Let g = -11 - -78. List the prime factors of g.
67
Let k = 17 - 10. List the prime factors of k.
7
Suppose 5*r = 0, c + 3*c = 3*r + 12. Suppose c*i = -0*i. Suppose -4*p + 1 + 79 = 2*m, i = -3*m + 6. What are the prime factors of p?
19
Suppose -7*x = -3*x - 12. Let m(v) = -2*v + 4. Let u be m(x). What are the prime factors of 0 + 2*7 + u?
2, 3
Let c(p) be the first derivative of p**4/4 + 3*p**3 + 2*p + 1. Let g be c(-9). What are the prime factors of (g/4)/(1/28)?
2, 7
Suppose 81 = 3*r + 4*o - 2*o, -5*r = 5*o - 140. List the prime factors of r.
5
Let s(u) = -2*u + 5. Let k = 33 + 12. Suppose 4*c + c + 5*z + k = 0, 3*c - 2*z = -12. List the prime factors of s(c).
17
Suppose 3*c = c - 16. What are the prime factors of 2/c - (-130)/8?
2
Let g(o) = o. Let f be g(0). Let s = f + 7. List the prime factors of s.
7
Suppose 2*p - 93 = -z, -29 = -4*z + 2*p + 363. What are the prime factors of z?
97
Let m(h) = -5*h**2 - 10*h + 3. Let f(r) = 9*r**2 + 19*r - 6. Let p(q) = -4*f(q) - 7*m(q). What are the prime factors of p(-5)?
2
Suppose 5*j = 4*u + 14, 1 = 2*j + 5*u + 2. Suppose -14 = -j*w - 2*l, -3*w = -2*l - 13 + 2. What are the prime factors of (3 - (-1 + 2))*w?
2, 5
Let f(h) be the second derivative of -h**5/20 + h**4/2 - h**3/2 + h. List the prime factors of f(4).
2, 5
Suppose -2*o = 3*o - 4*y - 1, 3*y = 3*o. List the prime factors of o/3*(-39)/(-1).
13
Suppose -2*l = -3*v + 124, -4*v + l + 162 = 5. List the prime factors of v.
2, 19
Let z(m) be the second derivative of m**3/6 + 5*m**2/2 - 9*m. List the prime factors of z(8).
13
Let n(b) = -3*b + 1. Let k be n(-4). Suppose 5*r - k = 52. List the prime factors of r.
13
Suppose -2*h = -h - 4*j - 61, 3*h + 2*j = 113. What are the prime factors of h?
41
Let j = -18 + 18. Suppose j = -k + 10 + 29. List the prime factors of k.
3, 13
Suppose 13 = b - 77. What are the prime factors of b?
2, 3, 5
Let u(k) = k**2 + 4*k - 1. Let n(m) = m - 10. Let c be n(6). Let t be u(c). List the prime factors of ((-1)/(-2))/(t/(-24)).
2, 3
Let f(i) = i**2 + 4*i + 7. Let d be f(-5). Let o = 21 - d. What are the prime factors of o?
3
Let i(d) = d**2 - 6*d - 2. Let y be i(6). Let j = y + 11. What are the prime factors of j?
3
Suppose -22*d + 222 = -21*d. List the prime factors of d.
2, 3, 37
Let g = 71 - 18. Suppose 4*h - g - 19 = 0. Suppose -5*n + h = -57. What are the prime factors of n?
3, 5
Let q(z) = 11*z - 4. Let y(f) = -4*f + 1. Let p(r) = -3*q(r) - 8*y(r). Let i be p(-6). Suppose -i = -4*h - h. What are the prime factors of h?
2
Suppose 0 = -3*d + 2 - 23. Let j = d - -16. What are the prime factors of j?
3
List the prime factors of (1 + -41)/(-2) - 3.
17
Suppose 5*p = 106 + 44. List the prime factors of p.
2, 3, 5
Suppose 3*t + 3*c - 5*c = 98, 4*t - 4*c = 128. List the prime factors of t.
2, 17
Let f(w) = 3*w - 9 - 3 + 6. Let b(i) = -i - 1. Let t be b(-7). List the prime factors of f(t).
2, 3
Let v = -7 + 44. What are the prime factors of v?
37
Let q = -2 + 2. Suppose -3*w + 8*w - 60 = q. Suppose g = 5*g - w. List the prime factors of g.
3
Let l(u) = -u**3 + 13*u**2 + u - 19. Let f be l(13). Let z(w) = -w**2 - 6*w + 6. Let b be z(-5). Let r = b + f. What are the prime factors of r?
5
Suppose x = 4*p + 2*x - 12, 0 = p + 3*x - 14. Suppose -4*k = 4, -4*k - 41 = -3*b - p*k. What are the prime factors of b?
13
List the prime factors of (-1)/(-1) + 3 - -23.
3
Let w(q) = -q**3 + 4*q**2 - 2*q - 1. Let a be w(3). Suppose 0 = 4*y + 2*c - 26, c - a*c + 1 = -y. What are the prime factors of 390/25 + y/10?
2
Let i = 3 - 11. Let f = 2 - 3. Let o = f - i. List the prime factors of o.
7
Let i be (-3)/9 + (-21)/(-9). Suppose i - 4 = m. What are the prime factors of 17 + m/((-2)/(-3))?
2, 7
Let x be 2 - -1*(-2 + 27). Let j = 39 - x. What are the prime factors of j?
2, 3
Let r(h) = h**3 + 10*h**2 + 4*h + 10. List the prime factors of r(-6).
2, 5, 13
Let i = -3 + 6. What are the prime factors of i?
3
Let y = 32 - 29. List the prime factors of y.
3
Let m = 20 + -13. Let x be ((-18)/(-21))/((-1)/m). Let s(q) = -q. What are the prime factors of s(x)?
2, 3
Suppose 4*l - 270 + 2 = 0. What are the prime factors of l?
67
Let a be (-2 + (-42)/(-15))*-5. Let o = 11 + a. What are the prime factors of o?
7
Let x(g) = g**2 + 4*g + 6. Let h be x(-4). Let c be 14/6 + h/9. What are the prime factors of c + 2/(-2)*-1?
2
What are the prime factors of (4/6)/((-34)/(-5763)) + 3?
2, 29
Suppose 4*v + j = 14, -5*v + j - 5 = -18. Suppose 3 = 4*k - 9. Suppose 0 = -v*d - k + 15. What are the prime factors of d?
2
Let l(y) = 3*y**3 + 15*y**2 - 15*y + 15. Let n(a) = a**2 - a + 1. Let d(t) = l(t) - 15*n(t). Let h be d(-1). What are the prime factors of (11 + h)*1*2?
2
Suppose 0 = 17*k - 10*k - 266. List the prime factors of k.
2, 19
Let n = -61 + 102. Suppose -n = -3*s - 23. List the prime factors of s.
2, 3
Let s be ((-12)/1)/(1 - 2). Suppose s = 6*n - 2*n. Suppose 3*f = n + 6. List the prime factors of f.
3
What are the prime factors of -1 - (-3738)/36 - (-1)/6?
103
Let v = 40 + -23. What are the prime factors of v?
17
Suppose 0 = h - 0*h - 17. List the prime factors of h.
17
Let h(m) = -12*m**3 + 0*m**2 + 4 + 2*m**2 + 3 - 8. What are the prime factors of h(-1)?
13
Let d be ((-6)/(-4))/(3/(-4)). Let s be 3/d*16/6. Let q(o) = -o**2 - 6*o - 3. What are the prime factors of q(s)?
5
Let c = -4 - 2. Suppose z - 2 = 2. What are the prime factors of 4/(-2)*c/z?
3
Suppose 0 = y - 6*y - 45. Let x = 42 + y. What are the prime factors of x?
3, 11
Suppose 0 = 4*m - 0*m + 96. What are the prime factors of (-8)/m - 226/(-6)?
2, 19
Let f = 12 - -325. List the prime factors of f.
337
Suppose 0*b + t + 101 = 5*b, -5 = 5*t. What are the prime factors of b?
2, 5
Suppose -3*v + 7 = -2*m, 3*m = 4*v - 7 - 6. Let s = m + 19. What are the prime factors of s?
2
Let s(h) = 2*h**2 - 9*h - 5. Let j(x) = -x**2 + 4*x + 3. Let m(q) = -5*j(q) - 2*s(q). What are the prime factors of m(6)?
19
Let q(l) = l**3 - 12*l**2 + 14*l + 21. List the prime factors of q(11).
2, 3
Let t(y) = y**2 - 2*y. Let z be t(2). Suppose 0 = 2*j - z*j - 26. What are the prime factors of j?
13
Suppose 3*l - 21 = 2*l + 3*r, -l + 45 = 5*r. What are the prime factors of l?
2, 3, 5
Suppose -3*k + 2*x + 34 = -64, -2*x - 38 = -k. Suppose 5*g = 5*h - k, -3*h + g - 6*g - 14 = 0. Suppose -h*j = -0*j - 10. List the prime factors of j.
5
Let t be (-3)/(-5) - (-34)/10. Let o(w) = 3*w - 5. What are the prime factors of o(t)?
7
Let h(o) = 2*o**2 + 6*o - 1. Let k be h(-5). List the prime factors of k + 4/(-8)*2.
2, 3
Suppose 3*h + 5*b + 32 = 243, 2 = b. List the prime factors of h.
67
Let l(i) = -2*i**2 - 58*i - 3. What are the prime factors of 